f 27 and 537.
3
What is the highest common divisor of 40 and 2480?
40
Calculate the greatest common factor of 236 and 4.
4
What is the greatest common factor of 480 and 45?
15
What is the highest common factor of 6 and 6?
6
Calculate the greatest common factor of 90 and 36.
18
What is the greatest common factor of 15 and 1455?
15
What is the greatest common divisor of 5432 and 168?
56
What is the highest common divisor of 816 and 17?
17
Calculate the highest common factor of 1899 and 9.
9
Calculate the highest common factor of 12 and 4332.
12
Calculate the greatest common divisor of 105 and 45.
15
Calculate the highest common divisor of 4825 and 25.
25
Calculate the greatest common divisor of 598 and 52.
26
Calculate the greatest common divisor of 8494 and 62.
62
What is the highest common divisor of 24 and 12?
12
What is the greatest common factor of 1349 and 19?
19
Calculate the greatest common factor of 2 and 51.
1
Calculate the highest common divisor of 133 and 14364.
133
Calculate the highest common factor of 65 and 52.
13
What is the greatest common divisor of 81 and 2511?
81
What is the greatest common factor of 27 and 43?
1
What is the greatest common factor of 3360 and 120?
120
What is the highest common divisor of 14 and 175?
7
What is the greatest common factor of 27 and 279?
9
Calculate the greatest common factor of 48 and 6.
6
What is the greatest common factor of 595 and 91?
7
What is the highest common factor of 943 and 82?
41
What is the greatest common factor of 4 and 13?
1
What is the greatest common factor of 3179 and 7803?
289
What is the highest common divisor of 54 and 3942?
54
Calculate the greatest common factor of 82317 and 23.
23
Calculate the greatest common factor of 318 and 12.
6
What is the highest common factor of 946 and 86?
86
Calculate the highest common factor of 140 and 116.
4
Calculate the highest common divisor of 24 and 60.
12
Calculate the highest common divisor of 12 and 150.
6
What is the greatest common divisor of 18 and 1521?
9
Calculate the highest common factor of 8 and 600.
8
Calculate the highest common divisor of 1003 and 119.
17
What is the highest common factor of 102 and 18411?
51
What is the highest common factor of 1312 and 32?
32
Calculate the greatest common divisor of 84 and 56.
28
What is the highest common divisor of 528 and 16?
16
What is the greatest common factor of 345 and 165?
15
What is the highest common divisor of 3395 and 35?
35
What is the highest common factor of 228 and 342?
114
What is the greatest common factor of 4242 and 98?
14
What is the highest common divisor of 44 and 12?
4
What is the highest common divisor of 72 and 744?
24
What is the greatest common divisor of 4 and 788?
4
Calculate the highest common divisor of 4 and 62.
2
What is the greatest common factor of 8 and 108?
4
Calculate the greatest common factor of 121 and 143.
11
Calculate the highest common divisor of 18 and 4.
2
Calculate the greatest common divisor of 35 and 7420.
35
What is the highest common divisor of 322 and 1449?
161
Calculate the highest common divisor of 75 and 1725.
75
What is the highest common divisor of 3113 and 22?
11
What is the greatest common factor of 19311 and 314?
157
Calculate the highest common factor of 16023 and 1635.
327
What is the highest common factor of 1313 and 707?
101
Calculate the highest common divisor of 136 and 64.
8
Calculate the greatest common divisor of 144 and 4416.
48
Calculate the greatest common divisor of 5372 and 17.
17
What is the highest common factor of 575 and 150?
25
Calculate the greatest common factor of 1 and 169.
1
What is the greatest common divisor of 117 and 156?
39
What is the greatest common divisor of 15609 and 43?
43
Calculate the greatest common factor of 395 and 869.
79
Calculate the greatest common divisor of 46 and 529.
23
What is the greatest common divisor of 3674 and 22?
22
What is the highest common divisor of 532 and 28?
28
What is the greatest common divisor of 2648 and 8?
8
What is the highest common factor of 74 and 3182?
74
Calculate the highest common factor of 3828 and 264.
132
What is the greatest common factor of 1581 and 310?
31
What is the highest common divisor of 124 and 93?
31
What is the greatest common divisor of 256 and 152?
8
Calculate the highest common factor of 11 and 1639.
11
Calculate the greatest common divisor of 168 and 952.
56
What is the greatest common factor of 18755 and 62?
31
What is the highest common divisor of 695 and 10?
5
Calculate the highest common factor of 65 and 26.
13
What is the highest common divisor of 1298 and 944?
118
What is the greatest common divisor of 976 and 61?
61
Calculate the highest common factor of 368 and 4508.
92
Calculate the greatest common divisor of 4 and 172.
4
What is the greatest common factor of 123 and 6?
3
Calculate the greatest common divisor of 108 and 621.
27
Calculate the greatest common divisor of 165 and 1430.
55
Calculate the greatest common divisor of 884 and 156.
52
What is the highest common factor of 391 and 92?
23
Calculate the greatest common divisor of 924 and 11.
11
What is the highest common divisor of 1825 and 25?
25
What is the highest common divisor of 7228 and 695?
139
What is the greatest common divisor of 63 and 21?
21
What is the greatest common factor of 19 and 1406?
19
Calculate the greatest common divisor of 844 and 92.
4
What is the highest common factor of 134 and 25594?
134
Calculate the highest common factor of 17726 and 2.
2
What is the greatest common divisor of 280 and 952?
56
What is the greatest common divisor of 55520 and 40?
40
Calculate the highest common divisor of 14 and 217.
7
What is the greatest common divisor of 258 and 384?
6
What is the highest common divisor of 891 and 77?
11
Calculate the highest common divisor of 33 and 143.
11
What is the highest common divisor of 11 and 297?
11
Calculate the greatest common divisor of 286 and 154.
22
Calculate the highest common factor of 1684 and 4.
4
What is the highest common divisor of 68 and 1190?
34
What is the highest common divisor of 1458 and 126?
18
What is the greatest common divisor of 512 and 32?
32
Calculate the greatest common divisor of 90 and 285.
15
Calculate the greatest common divisor of 61 and 17141.
61
What is the greatest common divisor of 17 and 23?
1
What is the highest common divisor of 644 and 184?
92
What is the greatest common divisor of 414 and 46?
46
What is the greatest common factor of 1380 and 120?
60
What is the greatest common factor of 1173 and 23?
23
What is the highest common factor of 3225 and 75?
75
Calculate the highest common divisor of 42 and 224.
14
What is the greatest common factor of 6504 and 48?
24
Calculate the greatest common factor of 11540 and 15.
5
What is the highest common factor of 88 and 20372?
44
Calculate the greatest common divisor of 205 and 28618.
41
Calculate the greatest common divisor of 153 and 41157.
153
What is the greatest common factor of 75 and 435?
15
What is the highest common factor of 47 and 3384?
47
Calculate the highest common divisor of 6656 and 26.
26
What is the greatest common divisor of 150 and 390?
30
What is the highest common factor of 3497 and 26?
13
What is the greatest common divisor of 232 and 2726?
58
Calculate the greatest common divisor of 40 and 776.
8
Calculate the highest common factor of 55 and 121.
11
Calculate the greatest common divisor of 320 and 920.
40
What is the greatest common factor of 589 and 19?
19
Calculate the greatest common divisor of 7 and 721.
7
Calculate the highest common divisor of 568 and 32.
8
Calculate the highest common divisor of 412 and 4.
4
What is the greatest common divisor of 1548 and 180?
36
Calculate the highest common divisor of 132 and 44.
44
What is the highest common factor of 412 and 12?
4
Calculate the highest common factor of 68 and 884.
68
What is the highest common divisor of 44 and 1100?
44
Calculate the greatest common divisor of 88 and 2584.
8
Calculate the greatest common divisor of 3706 and 102.
34
Calculate the greatest common factor of 23 and 7061.
23
Calculate the highest common factor of 891 and 11.
11
Calculate the greatest common divisor of 24 and 246.
6
Calculate the greatest common divisor of 19 and 30172.
19
What is th